{"id":1105,"date":"2021-03-24T12:47:43","date_gmt":"2021-03-24T12:47:43","guid":{"rendered":"http:\/\/fensterbaustoll.de\/test_page\/?page_id=1105"},"modified":"2022-03-10T13:06:53","modified_gmt":"2022-03-10T13:06:53","slug":"kontakt","status":"publish","type":"page","link":"https:\/\/fensterbaustoll.de\/?page_id=1105","title":{"rendered":"Kontakt"},"content":{"rendered":"<h1>BESUCHEN SIE UNSERE AUSSTELLUNG IN MESSKIRCH<\/h1>\n<ul>\n<li>\n<p>        <img src=\"\/wp-content\/uploads\/2021\/03\/IMG_20160425_114442.jpg\" alt=\"Markisen\"><\/p>\n<h6>Markisen\/Sonnnschutz<\/h6>\n<\/li>\n<li>\n<p>        <img src=\"\/wp-content\/uploads\/2021\/03\/DSC_0501Tu%CC%88ren-scaled-e1625215957492.jpg\" alt=\"Hauseingangst\u00fcren\"><\/p>\n<h6>Hauseingangst\u00fcren<\/h6>\n<\/li>\n<li>\n<p>        <img src=\"\/wp-content\/uploads\/2021\/03\/DSC_0502-scaled-e1625215981921.jpg\" alt=\"Rolladen\/Raffsore\"><\/p>\n<h6>Rolladen\/Raffsore<\/h6>\n<\/li>\n<li>\n<p>        <a href=\"\/wp-content\/uploads\/2021\/03\/DSC_0503-2-scaled.jpg\"><\/p>\n<p>        <img src=\"\/wp-content\/uploads\/2021\/03\/IMG_20160425_105008-e1625216040220.jpg\" alt=\"\"><\/p>\n<p><\/a><\/p>\n<h6>Markisen\/Sonnenschutz<\/h6>\n<\/li>\n<li>\n<p>        <a href=\"\/wp-content\/uploads\/2021\/03\/DSC_0503-2-scaled.jpg\"><\/p>\n<p>        <img src=\"\/wp-content\/uploads\/2021\/03\/DSC_0504-scaled-e1625216113711.jpg\" alt=\"\"><\/p>\n<p><\/a><\/p>\n<h6>Balkon-\/Terrassent\u00fcren<\/h6>\n<\/li>\n<\/ul>\n<div>\n<h3>Wir freuen uns auf Ihre Anfrage!<\/h3>\n<div>\n<p>Beschreiben oder umrei\u00dfen Sie ihr Projekt grob, wir melden uns gerne bei Ihnen.<\/p>\n<\/div>\n<p><a href=\"mailto: buero@fensterbaustoll.de\">Anfrage per E-Mail<\/a><\/p>\n<\/div>\n<div>\n<p>48.0033,9.1516<\/p>\n<\/div>\n<h1>Unser Wirkungskreis betr\u00e4gt 100km um Me\u00dfkirch<\/h1>\n<p><!-- {\"type\":\"layout\",\"children\":[{\"type\":\"section\",\"props\":{\"style\":\"default\",\"width\":\"default\",\"vertical_align\":\"middle\",\"title_position\":\"top-left\",\"title_rotation\":\"left\",\"title_breakpoint\":\"xl\",\"image_position\":\"center-center\"},\"children\":[{\"type\":\"row\",\"children\":[{\"type\":\"column\",\"props\":{\"image_position\":\"center-center\",\"media_overlay_gradient\":\"\"},\"children\":[{\"type\":\"headline\",\"props\":{\"title_element\":\"h1\",\"content\":\"BESUCHEN SIE UNSERE AUSSTELLUNG IN MESSKIRCH\",\"title_style\":\"h3\",\"text_align\":\"center\"}},{\"type\":\"slider\",\"props\":{\"show_title\":true,\"show_meta\":false,\"show_content\":false,\"show_link\":false,\"slider_width\":\"fixed\",\"slider_width_default\":\"1-1\",\"slider_width_medium\":\"1-3\",\"slider_min_height\":300,\"slider_gap\":\"default\",\"slider_autoplay_pause\":true,\"nav\":\"dotnav\",\"nav_align\":\"center\",\"nav_breakpoint\":\"s\",\"slidenav\":\"default\",\"slidenav_margin\":\"medium\",\"slidenav_breakpoint\":\"s\",\"slidenav_outside_breakpoint\":\"xl\",\"overlay_mode\":\"cover\",\"overlay_position\":\"center\",\"overlay_transition\":\"fade\",\"title_hover_style\":\"reset\",\"title_element\":\"h6\",\"meta_style\":\"meta\",\"meta_align\":\"below-title\",\"meta_element\":\"div\",\"link_text\":\"Read more\",\"link_style\":\"default\",\"text_align\":\"center\",\"margin\":\"default\",\"slider_autoplay\":true,\"slider_center\":false,\"slider_autoplay_interval\":\"6\",\"slidenav_large\":false},\"children\":[{\"type\":\"slider_item\",\"props\":{\"image\":\"wp-content\\\/uploads\\\/2021\\\/03\\\/IMG_20160425_114442.jpg\",\"image_alt\":\"Markisen\",\"title\":\"Markisen\\\/Sonnnschutz\",\"text_color\":\"light\",\"text_color_hover\":true}},{\"type\":\"slider_item\",\"props\":{\"image\":\"wp-content\\\/uploads\\\/2021\\\/03\\\/DSC_0501Tu\\u0308ren-scaled-e1625215957492.jpg\",\"image_alt\":\"Hauseingangst\\u00fcren\",\"title\":\"Hauseingangst\\u00fcren\",\"text_color\":\"light\"}},{\"type\":\"slider_item\",\"props\":{\"image\":\"wp-content\\\/uploads\\\/2021\\\/03\\\/DSC_0502-scaled-e1625215981921.jpg\",\"image_alt\":\"Rolladen\\\/Raffsore\",\"title\":\"Rolladen\\\/Raffsore\",\"text_color\":\"light\"}},{\"type\":\"slider_item\",\"props\":{\"image\":\"wp-content\\\/uploads\\\/2021\\\/03\\\/IMG_20160425_105008-e1625216040220.jpg\",\"text_color_hover\":true,\"title\":\"Markisen\\\/Sonnenschutz\",\"text_color\":\"light\",\"link\":\"wp-content\\\/uploads\\\/2021\\\/03\\\/DSC_0503-2-scaled.jpg\"}},{\"type\":\"slider_item\",\"props\":{\"image\":\"wp-content\\\/uploads\\\/2021\\\/03\\\/DSC_0504-scaled-e1625216113711.jpg\",\"text_color_hover\":true,\"title\":\"Balkon-\\\/Terrassent\\u00fcren\",\"text_color\":\"light\",\"link\":\"wp-content\\\/uploads\\\/2021\\\/03\\\/DSC_0503-2-scaled.jpg\"}}]}]}],\"props\":{\"class\":\"text-kont\"}},{\"type\":\"row\",\"children\":[{\"type\":\"column\",\"props\":{\"image_position\":\"center-center\",\"media_overlay_gradient\":\"\"},\"children\":[{\"name\":\"Kontakt\",\"type\":\"panel\",\"props\":{\"title\":\"Wir freuen uns auf Ihre Anfrage!\",\"title_element\":\"h3\",\"text_align\":\"center\",\"panel_size\":\"large\",\"content\":\"\n\n<p>Beschreiben oder umrei\\u00dfen Sie ihr Projekt grob, wir melden uns gerne bei Ihnen.<\\\/p>\",\"link\":\"mailto: buero@fensterbaustoll.de\",\"link_style\":\"default\",\"link_text\":\"Anfrage per E-Mail\",\"margin\":\"default\",\"image_align\":\"top\",\"image_grid_width\":\"1-2\",\"meta_style\":\"meta\",\"meta_align\":\"below-title\",\"title_align\":\"top\",\"title_grid_width\":\"1-2\",\"image_svg_color\":\"emphasis\",\"title_hover_style\":\"reset\",\"title_grid_breakpoint\":\"m\",\"image_grid_breakpoint\":\"m\",\"icon_width\":80,\"content_column_breakpoint\":\"m\",\"meta_element\":\"div\",\"link_target\":true,\"panel_style\":\"card-secondary\",\"link_margin\":\"small\"},\"modified\":\"2021-07-06T09:27:50.006Z\"},{\"type\":\"map\",\"props\":{\"show_title\":true,\"type\":\"roadmap\",\"zoom\":9,\"controls\":true,\"zooming\":false,\"dragging\":true,\"height\":\"500px\"},\"children\":[{\"type\":\"map_marker\",\"props\":{\"location\":\"48.0033,9.1516\",\"show_popup\":true,\"title\":\"\"}}]},{\"type\":\"headline\",\"props\":{\"title_element\":\"h1\",\"content\":\"Unser Wirkungskreis betr\\u00e4gt 100km um Me\\u00dfkirch\",\"title_style\":\"h4\",\"text_align\":\"center\"}}]}]},{\"type\":\"row\",\"children\":[{\"type\":\"column\",\"props\":{\"image_position\":\"center-center\",\"media_overlay_gradient\":\"\"},\"children\":[]}]}]}],\"version\":\"2.3.25\"} --><\/p>\n","protected":false},"excerpt":{"rendered":"<p>BESUCHEN SIE UNSERE AUSSTELLUNG IN MESSKIRCH Markisen\/Sonnnschutz Hauseingangst\u00fcren Rolladen\/Raffsore Markisen\/Sonnenschutz Balkon-\/Terrassent\u00fcren Wir freuen uns auf Ihre Anfrage! Beschreiben oder umrei\u00dfen Sie ihr Projekt grob, wir melden uns gerne bei Ihnen. Anfrage per E-Mail 48.0033,9.1516 Unser Wirkungskreis betr\u00e4gt 100km um Me\u00dfkirch<\/p>\n","protected":false},"author":2,"featured_media":0,"parent":0,"menu_order":0,"comment_status":"closed","ping_status":"closed","template":"","meta":[],"_links":{"self":[{"href":"https:\/\/fensterbaustoll.de\/index.php?rest_route=\/wp\/v2\/pages\/1105"}],"collection":[{"href":"https:\/\/fensterbaustoll.de\/index.php?rest_route=\/wp\/v2\/pages"}],"about":[{"href":"https:\/\/fensterbaustoll.de\/index.php?rest_route=\/wp\/v2\/types\/page"}],"author":[{"embeddable":true,"href":"https:\/\/fensterbaustoll.de\/index.php?rest_route=\/wp\/v2\/users\/2"}],"replies":[{"embeddable":true,"href":"https:\/\/fensterbaustoll.de\/index.php?rest_route=%2Fwp%2Fv2%2Fcomments&post=1105"}],"version-history":[{"count":24,"href":"https:\/\/fensterbaustoll.de\/index.php?rest_route=\/wp\/v2\/pages\/1105\/revisions"}],"predecessor-version":[{"id":1521,"href":"https:\/\/fensterbaustoll.de\/index.php?rest_route=\/wp\/v2\/pages\/1105\/revisions\/1521"}],"wp:attachment":[{"href":"https:\/\/fensterbaustoll.de\/index.php?rest_route=%2Fwp%2Fv2%2Fmedia&parent=1105"}],"curies":[{"name":"wp","href":"https:\/\/api.w.org\/{rel}","templated":true}]}}